9
Let f = 80 + -56. Calculate the highest common divisor of 36 and f.
12
Suppose -c + 23 = 2*j, 3*c = c - j + 34. Let g(i) = 2*i**3 - 4*i**2 - 4*i + 5. Let d be g(5). What is the highest common factor of c and d?
15
Suppose -12 = -3*p + 9. Let u = p + -5. What is the highest common factor of 2 and u?
2
Let v(c) = 8*c + 3. Let n = -9 - -13. Let r be v(n). Calculate the greatest common divisor of 5 and r.
5
Suppose -3*x - 103 = p, 2*p + 5*x + 545 = -3*p. Let b = p + 192. Calculate the highest common factor of 10 and b.
10
Suppose -320 = -9*z + 4*z. Calculate the highest common divisor of z and 8.
8
Suppose 5*l = 5*p - 110, 97 = 4*p + 3*l - 4*l. What is the highest common divisor of 175 and p?
25
Suppose 2*n = -5*t + 31, -5*n + n + t + 73 = 0. What is the highest common factor of 198 and n?
18
Let v = 4 - -36. Let j(p) = p**3 + 5*p**2 - 5*p + 1. Let u be j(-5). Let k = v - u. What is the highest common factor of 35 and k?
7
Let g(l) be the first derivative of -4*l - 3*l**2 + 1 - 1/2*l**4 - 8/3*l**3. Let z be g(-6). Calculate the highest common factor of 22 and z.
22
Suppose 3*l - 43 = -0*l + 4*r, 5*r - 16 = -4*l. Let b = -130 + 229. What is the greatest common factor of b and l?
9
Let n = 9 + -9. Suppose -o - 3 + 5 = n. Let c be (o/4)/((-3)/(-144)). Calculate the highest common factor of 3 and c.
3
Let x(q) = q**2 - 17*q + 7. Let y be x(17). Calculate the greatest common factor of 7 and y.
7
Let h(v) = -13*v + 114. Let x be h(6). What is the highest common factor of 288 and x?
36
Let d(w) = 17*w**2 + 16*w**2 + 2*w - 3*w. Let c be d(1). Suppose 6*n - 80 = n. What is the greatest common divisor of c and n?
16
Suppose 2*y - 2*d = -6*d + 4, 4*y - 5*d = 60. What is the greatest common divisor of 20 and y?
10
Let d be (8/6)/(7/21). Suppose d*p + 3 = 19. What is the highest common divisor of 32 and p?
4
Let x be (0 - -3)*50/15. Suppose 5*a + 4*s - 14 = 0, 4*a - s = -6*s + 13. What is the greatest common divisor of x and a?
2
Let c(y) = y**2 + 2*y - 4. Let h be c(3). Let w be (-88)/(-2) - (3 - 3). Calculate the highest common factor of h and w.
11
Suppose 5*h + h - 192 = 0. Calculate the highest common factor of 4 and h.
4
Let z(j) = j + 6. Let s be z(10). Let v be 12/8 - (-45)/2. Calculate the greatest common factor of s and v.
8
Let c = 39 - 26. Suppose 0 = u + 3*p - c, 3 = -2*p - 1. What is the greatest common divisor of 19 and u?
19
Let h(p) = 3*p**2. Let z be h(2). Let u = -7 - 0. Let q = u - -13. Calculate the greatest common divisor of z and q.
6
Let o = 58 - 25. What is the greatest common factor of o and 22?
11
Let m(w) = 21*w + 6. Let p be m(7). Suppose 33 = -4*t + p. Calculate the highest common divisor of 10 and t.
10
Let h(z) = -4*z - 4. Let t be h(-7). What is the highest common factor of 12 and t?
12
Let s be 20/6 - (-2)/(-6). Let m(h) = 5*h**3 + 4*h**2 + h + 1. Let l be m(s). Let w = l - 115. What is the greatest common divisor of 12 and w?
12
Let x(g) = -34*g - 140. Let v be x(-5). Let k be 4/(-6) - (-38)/3. What is the greatest common divisor of v and k?
6
Let d = -13 + 17. What is the highest common factor of d and 8?
4
Let v be 2/(10/(-6) - -1). Let n = v + 7. Suppose n*y + 41 = 3*t + 2*y, -5*t = -3*y - 67. What is the greatest common divisor of 33 and t?
11
Let q = -35 + 80. Suppose 5*u = -52 + 202. What is the greatest common divisor of u and q?
15
Suppose -t - 5 = 0, j + 2*j - 4*t - 26 = 0. Calculate the greatest common factor of 2 and j.
2
Let b(l) = -6*l**2 + 4*l. Let t be b(-3). Let j = 122 + t. Calculate the highest common divisor of j and 8.
8
Suppose 0*g - 2*g + 8 = 2*p, 0 = -3*g - 3. What is the highest common divisor of p and 25?
5
Let t = 25 - 9. Calculate the greatest common divisor of 80 and t.
16
Let x(k) = k**2 - 7*k + 12. Let v be x(0). Let o be ((-54)/(-15))/(1/5). Calculate the greatest common factor of o and v.
6
Suppose -10 = -5*y + j + 13, 0 = -3*j - 9. Let l = 120 + 36. Suppose -y*i = 44 - l. What is the greatest common factor of i and 4?
4
Let m be -4*(-4)/((-64)/(-60)). What is the highest common divisor of m and 6?
3
Suppose 4*m + 4*w = -8, 5*m + 0 = -2*w + 5. What is the greatest common factor of m and 27?
3
Let q be (-36)/20 + 2/(-10) + 167. What is the highest common factor of 33 and q?
33
Let i(n) = n**3 + 10*n**2 - n - 8. Let b be i(-10). What is the highest common factor of b and 4?
2
Suppose -5*w - 4*d + 3*d + 120 = 0, -4*d = 2*w - 48. Calculate the greatest common factor of 408 and w.
24
Suppose -11 = 4*v - 3. Let p be (1 - (-3)/(-1))/v. Let u be 1/((-1)/(-4)) - 1. What is the highest common divisor of u and p?
1
Suppose -2*f + 41 = 3*p, 21 = 4*f + 3*p - 64. Suppose 0 = 3*w - 14 - f. Calculate the highest common factor of w and 96.
12
Let q(p) = 19*p**2 + p. Let z be q(-1). Let i = 0 - -6. Calculate the greatest common factor of z and i.
6
Suppose 5*o - 10 = 5. Suppose 0 = p - 2*f - 360, -5*p - 8*f + 1875 = -o*f. Let x = -226 + p. What is the greatest common divisor of 16 and x?
16
Suppose -4*q - 2*c = -192, -3*q + 71 = -2*c - 87. What is the greatest common factor of 75 and q?
25
Let y(u) = u**2 + u + 9. Let a be y(0). Suppose 132 = 4*x - 144. Let o = 12 + x. Calculate the greatest common divisor of o and a.
9
Let s be (2/4)/(2/216). Let g(a) = -a**2 + a + 26. Let k be g(5). Calculate the greatest common factor of s and k.
6
Suppose -2 = 2*o + g - 15, 3*o = -2*g + 22. Let u be -1*(8/(-3))/(6/63). What is the greatest common divisor of u and o?
4
Let o = 50 + -35. What is the greatest common divisor of o and 45?
15
Suppose -37 = -5*a + 4*t, 5*a - 53 = -t - 3*t. Suppose -4*s - 600 = -a*s. Suppose 8*w = 3*w + s. What is the greatest common divisor of 36 and w?
12
Let r be (6/10)/((-12)/(-420)). What is the greatest common divisor of 7 and r?
7
Suppose 2*i - 2*t - 78 = 0, -2*i + 3 + 87 = -5*t. What is the highest common factor of i and 14?
7
Let u(a) = -a + 136. Let o be u(0). What is the highest common factor of 17 and o?
17
Suppose 0 = 5*i - 3 - 7. Let q(v) = -2*v**3 - v**3 + 1 - 3*v**i - 4*v**3. Let r be q(-2). Calculate the highest common divisor of r and 9.
9
Suppose -2*t + t - 120 = -2*w, 2*w + t - 120 = 0. What is the greatest common factor of w and 24?
12
Let x(p) = -5*p - 7. Let l(f) = 15*f + 22. Let n(r) = -3*l(r) - 8*x(r). Let t be n(-11). Calculate the greatest common factor of t and 5.
5
Suppose -3*z - 23 = -122. Suppose 0*s + 88 = 4*s. Calculate the highest common factor of s and z.
11
Let y = 22 + 11. Let i be 9 + (1 - -1) + 0. Calculate the highest common factor of i and y.
11
Suppose 0*l - 2*l + 5*u + 124 = 0, -l + u = -68. Suppose -38 = -4*v + s - 6*s, -2*s = 5*v - 56. Calculate the highest common factor of l and v.
12
Let q be (-4)/(-5)*(-3 - -28). Let j be (-26)/39*(-15)/2. Calculate the highest common factor of j and q.
5
Let r be 0 + 2/(-3) + (-899)/(-93). Calculate the highest common factor of r and 36.
9
Suppose 644 - 2048 = -13*r. Calculate the highest common divisor of 81 and r.
27
Let r(f) = -f**3 - 19*f**2 + 16*f - 25. Let h be r(-20). Calculate the highest common divisor of 22 and h.
11
Let m(g) = g**3 - 8*g**2 + 7*g + 8. Let h be m(8). What is the highest common factor of h and 8?
8
Let g(n) = -n**3 + 10*n**2 - 5*n - 5. Let s be g(9). Suppose -2*k + 5*z + 7 = 0, -z - 44 = -5*k + s. What is the highest common divisor of k and 64?
16
Suppose -a + 6*a = 15. Suppose 0 = 2*q + 4*z - 26, -3 = -5*q + a*z + 23. Suppose -4*x + 29 + q = 0. What is the greatest common factor of x and 90?
9
Suppose -v + 395 = 4*m, 4*m = m + 4*v + 282. Calculate the highest common factor of 14 and m.
14
Suppose 2*w - 596 + 156 = 0. Let d be (-2848)/(-12) + 2/(-6). Let b be 1/4 + d/12. Calculate the greatest common divisor of w and b.
20
Suppose 5*k - 3*k = -2*y - 24, 2*y + 10 = 0. Let x(w) = w**2 + 6*w + 1. Let c be x(k). Calculate the highest common divisor of 72 and c.
8
Let u(r) = -r**2 - r. Let v(w) = -10*w**2 - 3*w + 3. Let g(m) = 5*u(m) - v(m). Let n be g(5). Let x = n + -57. Calculate the greatest common factor of 11 and x.
11
Suppose 0 = -3*f + 2*b - 3 + 59, 5*f - 2*b = 96. Calculate the highest common factor of 4 and f.
4
Let s be 4/6*(-1659)/(-14). Let z be (s - 1) + (9 - 7). What is the greatest common divisor of z and 16?
16
Suppose -8*p = -3*p - 15. Let c = p + -1. What is the greatest 